{"id":491,"date":"2023-03-18T14:54:33","date_gmt":"2023-03-18T13:54:33","guid":{"rendered":"https::\/\/www.confianz.eu\/?page_id=491"},"modified":"2023-03-19T12:34:03","modified_gmt":"2023-03-19T11:34:03","slug":"vardebepaling-vastgoed-in-spanje-opvragen","status":"publish","type":"page","link":"https:\/\/www.confianz.eu\/sv\/waardebepaling-vastgoed-in-spanje-opvragen\/","title":{"rendered":"Waardebepaling voor vastgoed in Spanje"},"content":{"rendered":"<div data-elementor-type=\"wp-page\" data-elementor-id=\"491\" class=\"elementor elementor-491\" data-elementor-post-type=\"page\">\n\t\t\t\t\t\t<section data-dce-background-overlay-color=\"#22559C22\" data-dce-background-image-url=\"https:\/\/www.confianz.eu\/app\/uploads\/2023\/03\/benidorm.jpg\" class=\"elementor-section elementor-top-section elementor-element elementor-element-59ec6b5a elementor-section-height-min-height elementor-section-boxed elementor-section-height-default elementor-section-items-middle\" data-id=\"59ec6b5a\" data-element_type=\"section\" data-e-type=\"section\" data-settings=\"{&quot;background_background&quot;:&quot;classic&quot;}\">\n\t\t\t\t\t\t\t<div class=\"elementor-background-overlay\"><\/div>\n\t\t\t\t\t\t\t<div class=\"elementor-container elementor-column-gap-default\">\n\t\t\t\t\t<div class=\"elementor-column elementor-col-100 elementor-top-column elementor-element elementor-element-73d922a0\" data-id=\"73d922a0\" data-element_type=\"column\" data-e-type=\"column\">\n\t\t\t<div class=\"elementor-widget-wrap elementor-element-populated\">\n\t\t\t\t\t\t<div class=\"elementor-element elementor-element-66331cf elementor-widget elementor-widget-heading\" data-id=\"66331cf\" data-element_type=\"widget\" data-e-type=\"widget\" data-widget_type=\"heading.default\">\n\t\t\t\t<div class=\"elementor-widget-container\">\n\t\t\t\t\t<h1 class=\"elementor-heading-title elementor-size-default\">Waardebepaling voor vastgoed in Spanje<\/h1>\t\t\t\t<\/div>\n\t\t\t\t<\/div>\n\t\t\t\t\t<\/div>\n\t\t<\/div>\n\t\t\t\t\t<\/div>\n\t\t<\/section>\n\t\t\t\t<section class=\"elementor-section elementor-top-section elementor-element elementor-element-89748a8 elementor-section-boxed elementor-section-height-default elementor-section-height-default\" data-id=\"89748a8\" data-element_type=\"section\" data-e-type=\"section\">\n\t\t\t\t\t\t<div class=\"elementor-container elementor-column-gap-default\">\n\t\t\t\t\t<div class=\"elementor-column elementor-col-50 elementor-top-column elementor-element elementor-element-c6ceaef animated-fast elementor-invisible\" data-id=\"c6ceaef\" data-element_type=\"column\" data-e-type=\"column\" data-settings=\"{&quot;animation&quot;:&quot;subtleFadeInLeft&quot;,&quot;animation_mobile&quot;:&quot;subtleFadeInUp&quot;}\">\n\t\t\t<div class=\"elementor-widget-wrap elementor-element-populated\">\n\t\t\t\t\t\t<div class=\"elementor-element elementor-element-1001986 elementor-widget elementor-widget-text-editor\" data-id=\"1001986\" data-element_type=\"widget\" data-e-type=\"widget\" data-widget_type=\"text-editor.default\">\n\t\t\t\t<div class=\"elementor-widget-container\">\n\t\t\t\t\t\t\t\t\t<p>\u00c4r du fastighets\u00e4gare i Spanien? Bij de aangifte van nalatenschap dient u de verkoopwaarde van het vastgoed aan te geven. Vi m\u00e4rker dock att de\u00a0<strong>erfgenamen moeilijkheden ondervinden om het Spaans vastgoed correct te waarderen.<\/strong>\u00a0D\u00e4rf\u00f6r kan v\u00e5rt kontor hj\u00e4lpa dig med v\u00e4rdebepaling f\u00f6r fastigheter i Spanien.<\/p><p>Den spanska skattetj\u00e4nsten har under 2022 en<em>\u00a0v\u00e4rderingsstol\u00a0<\/em>voor vastgoed uitgewerkt. V\u00e4rderingsmetoden \u00e4r bland annat baserad p\u00e5 f\u00f6rs\u00e4ljningspriserna f\u00f6r likadana fastigheter i regionen. Hierdoor merken wij dat deze waarderingen overeenkomen met\u00a0<strong>ett realistiskt marknadsv\u00e4rde<\/strong>. De Spaanse fiscus aanvaardt deze referentiewaarde voor de aangifte van nalatenschap in Spanje.<\/p><p>Eftersom v\u00e4rdena \u00e4r mycket exakta i f\u00f6rh\u00e5llande till det potentiella f\u00f6rs\u00e4ljningsv\u00e4rdet, kan du anv\u00e4nda dessa schattningar f\u00f6r att h\u00f6ja den flaml\u00e4ndska fordonsskatten.\u00a0<strong><a href=\"https:\/\/www.confianz.eu\/sv\/2022\/08\/04\/aangifte-van-nalatenschap-met-spaans-vastgoed\/\" target=\"_blank\" rel=\"noreferrer noopener\">H\u00e4r hittar du mer information om de aangifte van een nalatenschap met vastgoed in Spanje.<\/a><\/strong><\/p><p>Enkel Spaanse notarissen en Spaanse advocaten kunnen een schatting aanvragen bij de belastingdienst. Om du vill, kan vi bekosta en skattem\u00e4ssig v\u00e4rde\u00f6kning f\u00f6r fastigheter i Spanien. Vi f\u00f6ljer med dig till det skattem\u00e4ssiga intyget\u00a0<strong>inom 10 arbetsdagar<\/strong>\u00a0efter mottagande av dina uppgifter. Detta intyg kan du sedan anv\u00e4nda vid de aangifte av nalatenschap.<\/p>\t\t\t\t\t\t\t\t<\/div>\n\t\t\t\t<\/div>\n\t\t\t\t\t<\/div>\n\t\t<\/div>\n\t\t\t\t<div class=\"elementor-column elementor-col-50 elementor-top-column elementor-element elementor-element-82226cc animated-fast elementor-invisible\" data-id=\"82226cc\" data-element_type=\"column\" data-e-type=\"column\" data-settings=\"{&quot;animation&quot;:&quot;subtleFadeInRight&quot;,&quot;animation_mobile&quot;:&quot;subtleFadeInUp&quot;}\">\n\t\t\t<div class=\"elementor-widget-wrap elementor-element-populated\">\n\t\t\t\t\t\t<div class=\"elementor-element elementor-element-f5178c3 elementor-widget elementor-widget-heading\" data-id=\"f5178c3\" data-element_type=\"widget\" data-e-type=\"widget\" data-widget_type=\"heading.default\">\n\t\t\t\t<div class=\"elementor-widget-container\">\n\t\t\t\t\t<h2 class=\"elementor-heading-title elementor-size-default\">Vilka dokument har du beh\u00f6vt?<\/h2>\t\t\t\t<\/div>\n\t\t\t\t<\/div>\n\t\t\t\t<div class=\"elementor-element elementor-element-8f557cb elementor-widget elementor-widget-text-editor\" data-id=\"8f557cb\" data-element_type=\"widget\" data-e-type=\"widget\" data-widget_type=\"text-editor.default\">\n\t\t\t\t<div class=\"elementor-widget-container\">\n\t\t\t\t\t\t\t\t\t<p>Endast en av de f\u00f6ljande delarna \u00e4r n\u00f6dv\u00e4ndiga:<\/p><ul><li>de factuur \/ belastingaanslag van de IBI of SUMA (niet het betalingsbewijs);<\/li><li>av de kadastrale fiche \"descriptiva y grafica\";<\/li><li>of de eigendomsakte van het vastgoed Spanje.<\/li><\/ul><p>\u00a0<\/p><p>Med hj\u00e4lp av dessa dokument kan vi p\u00e5b\u00f6rja ans\u00f6kan.<\/p>\t\t\t\t\t\t\t\t<\/div>\n\t\t\t\t<\/div>\n\t\t\t\t<div class=\"elementor-element elementor-element-e49a0ba elementor-widget elementor-widget-heading\" data-id=\"e49a0ba\" data-element_type=\"widget\" data-e-type=\"widget\" data-widget_type=\"heading.default\">\n\t\t\t\t<div class=\"elementor-widget-container\">\n\t\t\t\t\t<h2 class=\"elementor-heading-title elementor-size-default\">Hur fungerar det?\n<\/h2>\t\t\t\t<\/div>\n\t\t\t\t<\/div>\n\t\t\t\t<div class=\"elementor-element elementor-element-b0edc92 elementor-widget elementor-widget-text-editor\" data-id=\"b0edc92\" data-element_type=\"widget\" data-e-type=\"widget\" data-widget_type=\"text-editor.default\">\n\t\t\t\t<div class=\"elementor-widget-container\">\n\t\t\t\t\t\t\t\t\t<p>Om du \u00f6nskar f\u00e5 ett skatteintyg fr\u00e5n Spaanse fiscus, kontakta oss d\u00e5 s\u00e5 snart du kan, till exempel via ett kontaktformul\u00e4r. D\u00e4refter f\u00e5r du av oss mer information om vistelser i Spanien.<\/p>\t\t\t\t\t\t\t\t<\/div>\n\t\t\t\t<\/div>\n\t\t\t\t\t<\/div>\n\t\t<\/div>\n\t\t\t\t\t<\/div>\n\t\t<\/section>\n\t\t\t\t<\/div>","protected":false},"excerpt":{"rendered":"<p>Waardebepaling voor vastgoed in Spanje Erft u vastgoed in Spanje? Bij de aangifte van nalatenschap dient u de verkoopwaarde van het vastgoed aan te geven. Wij merken evenwel dat de\u00a0erfgenamen moeilijkheden ondervinden om het Spaans vastgoed correct te waarderen.\u00a0Daarom kan ons kantoor u helpen met de waardebepaling voor vastgoed in Spanje. De Spaanse belastingdienst heeft [&hellip;]<\/p>\n","protected":false},"author":1,"featured_media":0,"parent":0,"menu_order":0,"comment_status":"closed","ping_status":"closed","template":"","meta":{"_acf_changed":false,"footnotes":""},"class_list":["post-491","page","type-page","status-publish","hentry"],"acf":[],"_links":{"self":[{"href":"https:\/\/www.confianz.eu\/sv\/wp-json\/wp\/v2\/pages\/491","targetHints":{"allow":["GET"]}}],"collection":[{"href":"https:\/\/www.confianz.eu\/sv\/wp-json\/wp\/v2\/pages"}],"about":[{"href":"https:\/\/www.confianz.eu\/sv\/wp-json\/wp\/v2\/types\/page"}],"author":[{"embeddable":true,"href":"https:\/\/www.confianz.eu\/sv\/wp-json\/wp\/v2\/users\/1"}],"replies":[{"embeddable":true,"href":"https:\/\/www.confianz.eu\/sv\/wp-json\/wp\/v2\/comments?post=491"}],"version-history":[{"count":10,"href":"https:\/\/www.confianz.eu\/sv\/wp-json\/wp\/v2\/pages\/491\/revisions"}],"predecessor-version":[{"id":29413,"href":"https:\/\/www.confianz.eu\/sv\/wp-json\/wp\/v2\/pages\/491\/revisions\/29413"}],"wp:attachment":[{"href":"https:\/\/www.confianz.eu\/sv\/wp-json\/wp\/v2\/media?parent=491"}],"curies":[{"name":"wp","href":"https:\/\/api.w.org\/{rel}","templated":true}]}}

<div data-elementor-type="wp-page" data-elementor-id="491" class="elementor elementor-491" data-elementor-post-type="page">
						<section data-dce-background-overlay-color="#22559C22" data-dce-background-image-url="https://www.confianz.eu/app/uploads/2023/03/benidorm.jpg" class="elementor-section elementor-top-section elementor-element elementor-element-59ec6b5a elementor-section-height-min-height elementor-section-boxed elementor-section-height-default elementor-section-items-middle" data-id="59ec6b5a" data-element_type="section" data-e-type="section" data-settings="{&quot;background_background&quot;:&quot;classic&quot;}">
							<div class="elementor-background-overlay"></div>
							<div class="elementor-container elementor-column-gap-default">
					<div class="elementor-column elementor-col-100 elementor-top-column elementor-element elementor-element-73d922a0" data-id="73d922a0" data-element_type="column" data-e-type="column">
			<div class="elementor-widget-wrap elementor-element-populated">
						<div class="elementor-element elementor-element-66331cf elementor-widget elementor-widget-heading" data-id="66331cf" data-element_type="widget" data-e-type="widget" data-widget_type="heading.default">
				<div class="elementor-widget-container">
					<h1 class="elementor-heading-title elementor-size-default">Waardebepaling voor vastgoed in Spanje</h1>				</div>
				</div>
					</div>
		</div>
					</div>
		</section>
				<section class="elementor-section elementor-top-section elementor-element elementor-element-89748a8 elementor-section-boxed elementor-section-height-default elementor-section-height-default" data-id="89748a8" data-element_type="section" data-e-type="section">
						<div class="elementor-container elementor-column-gap-default">
					<div class="elementor-column elementor-col-50 elementor-top-column elementor-element elementor-element-c6ceaef animated-fast elementor-invisible" data-id="c6ceaef" data-element_type="column" data-e-type="column" data-settings="{&quot;animation&quot;:&quot;subtleFadeInLeft&quot;,&quot;animation_mobile&quot;:&quot;subtleFadeInUp&quot;}">
			<div class="elementor-widget-wrap elementor-element-populated">
						<div class="elementor-element elementor-element-1001986 elementor-widget elementor-widget-text-editor" data-id="1001986" data-element_type="widget" data-e-type="widget" data-widget_type="text-editor.default">
				<div class="elementor-widget-container">
									<p>Är du fastighetsägare i Spanien? Bij de aangifte van nalatenschap dient u de verkoopwaarde van het vastgoed aan te geven. Vi märker dock att de <strong>erfgenamen moeilijkheden ondervinden om het Spaans vastgoed correct te waarderen.</strong> Därför kan vårt kontor hjälpa dig med värdebepaling för fastigheter i Spanien.</p><p>Den spanska skattetjänsten har under 2022 en<em> värderingsstol </em>voor vastgoed uitgewerkt. Värderingsmetoden är bland annat baserad på försäljningspriserna för likadana fastigheter i regionen. Hierdoor merken wij dat deze waarderingen overeenkomen met <strong>ett realistiskt marknadsvärde</strong>. De Spaanse fiscus aanvaardt deze referentiewaarde voor de aangifte van nalatenschap in Spanje.</p><p>Eftersom värdena är mycket exakta i förhållande till det potentiella försäljningsvärdet, kan du använda dessa schattningar för att höja den flamländska fordonsskatten. <strong><a href="https://www.confianz.eu/sv/2022/08/04/aangifte-van-nalatenschap-met-spaans-vastgoed/" target="_blank" rel="noreferrer noopener">Här hittar du mer information om de aangifte van een nalatenschap met vastgoed in Spanje.</a></strong></p><p>Enkel Spaanse notarissen en Spaanse advocaten kunnen een schatting aanvragen bij de belastingdienst. Om du vill, kan vi bekosta en skattemässig värdeökning för fastigheter i Spanien. Vi följer med dig till det skattemässiga intyget <strong>inom 10 arbetsdagar</strong> efter mottagande av dina uppgifter. Detta intyg kan du sedan använda vid de aangifte av nalatenschap.</p>								</div>
				</div>
					</div>
		</div>
				<div class="elementor-column elementor-col-50 elementor-top-column elementor-element elementor-element-82226cc animated-fast elementor-invisible" data-id="82226cc" data-element_type="column" data-e-type="column" data-settings="{&quot;animation&quot;:&quot;subtleFadeInRight&quot;,&quot;animation_mobile&quot;:&quot;subtleFadeInUp&quot;}">
			<div class="elementor-widget-wrap elementor-element-populated">
						<div class="elementor-element elementor-element-f5178c3 elementor-widget elementor-widget-heading" data-id="f5178c3" data-element_type="widget" data-e-type="widget" data-widget_type="heading.default">
				<div class="elementor-widget-container">
					<h2 class="elementor-heading-title elementor-size-default">Vilka dokument har du behövt?</h2>				</div>
				</div>
				<div class="elementor-element elementor-element-8f557cb elementor-widget elementor-widget-text-editor" data-id="8f557cb" data-element_type="widget" data-e-type="widget" data-widget_type="text-editor.default">
				<div class="elementor-widget-container">
									<p>Endast en av de följande delarna är nödvändiga:</p><ul><li>de factuur / belastingaanslag van de IBI of SUMA (niet het betalingsbewijs);</li><li>av de kadastrale fiche "descriptiva y grafica";</li><li>of de eigendomsakte van het vastgoed Spanje.</li></ul><p> </p><p>Med hjälp av dessa dokument kan vi påbörja ansökan.</p>								</div>
				</div>
				<div class="elementor-element elementor-element-e49a0ba elementor-widget elementor-widget-heading" data-id="e49a0ba" data-element_type="widget" data-e-type="widget" data-widget_type="heading.default">
				<div class="elementor-widget-container">
					<h2 class="elementor-heading-title elementor-size-default">Hur fungerar det?
</h2>				</div>
				</div>
				<div class="elementor-element elementor-element-b0edc92 elementor-widget elementor-widget-text-editor" data-id="b0edc92" data-element_type="widget" data-e-type="widget" data-widget_type="text-editor.default">
				<div class="elementor-widget-container">
									<p>Om du önskar få ett skatteintyg från Spaanse fiscus, kontakta oss då så snart du kan, till exempel via ett kontaktformulär. Därefter får du av oss mer information om vistelser i Spanien.</p>								</div>
				</div>
					</div>
		</div>
					</div>
		</section>
				</div>
