{"id":31590,"date":"2023-11-30T15:50:20","date_gmt":"2023-11-30T14:50:20","guid":{"rendered":"https:\/\/www.confianz.eu\/?post_type=faq&#038;p=31590"},"modified":"2023-11-30T15:50:21","modified_gmt":"2023-11-30T14:50:21","slug":"czy-jestem-objety-polisa-ubezpieczeniowa-wspolnoty-wlascicieli-lokali","status":"publish","type":"faq","link":"https:\/\/www.confianz.eu\/pl\/faq\/am-i-covered-by-an-insurance-policy-of-the-community-of-owners\/","title":{"rendered":"Czy jestem obj\u0119ty polis\u0105 ubezpieczeniow\u0105 wsp\u00f3lnoty w\u0142a\u015bcicieli?"},"content":{"rendered":"<p>Nie. Wsp\u00f3lnota w\u0142a\u015bcicieli ubezpiecza tylko cz\u0119\u015bci wsp\u00f3lne kompleksu lub urbanizacji. Mo\u017cesz wykupi\u0107 w\u0142asne ubezpieczenie przeciwpo\u017carowe lub maj\u0105tkowe dla swojej prywatnej nieruchomo\u015bci.<\/p>","protected":false},"author":2,"featured_media":0,"template":"","faq-onderwerp":[850],"class_list":["post-31590","faq","type-faq","status-publish","hentry","faq-onderwerp-after-your-purchase"],"acf":[],"_links":{"self":[{"href":"https:\/\/www.confianz.eu\/pl\/wp-json\/wp\/v2\/faq\/31590","targetHints":{"allow":["GET"]}}],"collection":[{"href":"https:\/\/www.confianz.eu\/pl\/wp-json\/wp\/v2\/faq"}],"about":[{"href":"https:\/\/www.confianz.eu\/pl\/wp-json\/wp\/v2\/types\/faq"}],"author":[{"embeddable":true,"href":"https:\/\/www.confianz.eu\/pl\/wp-json\/wp\/v2\/users\/2"}],"wp:attachment":[{"href":"https:\/\/www.confianz.eu\/pl\/wp-json\/wp\/v2\/media?parent=31590"}],"wp:term":[{"taxonomy":"faq-onderwerp","embeddable":true,"href":"https:\/\/www.confianz.eu\/pl\/wp-json\/wp\/v2\/faq-onderwerp?post=31590"}],"curies":[{"name":"wp","href":"https:\/\/api.w.org\/{rel}","templated":true}]}}

Czy jestem objęty polisą ubezpieczeniową wspólnoty właścicieli?

<p>Nie. Wspólnota właścicieli ubezpiecza tylko części wspólne kompleksu lub urbanizacji. Możesz wykupić własne ubezpieczenie przeciwpożarowe lub majątkowe dla swojej prywatnej nieruchomości.</p>
