{"id":31583,"date":"2023-11-30T15:37:15","date_gmt":"2023-11-30T14:37:15","guid":{"rendered":"https:\/\/www.confianz.eu\/?post_type=faq&#038;p=31583"},"modified":"2023-11-30T15:37:17","modified_gmt":"2023-11-30T14:37:17","slug":"czy-moge-wynajac-moja-nieruchomosc-w-hiszpanii","status":"publish","type":"faq","link":"https:\/\/www.confianz.eu\/pl\/faq\/can-i-let-my-property-in-spain\/","title":{"rendered":"Czy mog\u0119 wynaj\u0105\u0107 moj\u0105 nieruchomo\u015b\u0107 w Hiszpanii?"},"content":{"rendered":"<p>Tak. W przypadku nieruchomo\u015bci mieszkalnych trzy rodzaje um\u00f3w umo\u017cliwiaj\u0105 wynajem:<\/p>\n\n\n\n<ul class=\"wp-block-list\">\n<li>poprzez powszechny wynajem na okres do 11 miesi\u0119cy, na przyk\u0142ad osobom odwiedzaj\u0105cym sezonowo, je\u015bli nie u\u017cywaj\u0105 nieruchomo\u015bci jako g\u0142\u00f3wnego miejsca zamieszkania;<\/li>\n\n\n\n<li>za po\u015brednictwem wynajmu wakacyjnego, je\u015bli b\u0119dziesz wynajmowa\u0107 regularnie na okresy kr\u00f3tsze ni\u017c 2 miesi\u0105ce;<\/li>\n\n\n\n<li>za po\u015brednictwem wynajmu mieszkaniowego, je\u015bli wynajmujesz na okres d\u0142u\u017cszy ni\u017c 12 miesi\u0119cy.<\/li>\n<\/ul>","protected":false},"author":2,"featured_media":0,"template":"","faq-onderwerp":[850,852],"class_list":["post-31583","faq","type-faq","status-publish","hentry","faq-onderwerp-after-your-purchase","faq-onderwerp-letting-your-property"],"acf":[],"_links":{"self":[{"href":"https:\/\/www.confianz.eu\/pl\/wp-json\/wp\/v2\/faq\/31583","targetHints":{"allow":["GET"]}}],"collection":[{"href":"https:\/\/www.confianz.eu\/pl\/wp-json\/wp\/v2\/faq"}],"about":[{"href":"https:\/\/www.confianz.eu\/pl\/wp-json\/wp\/v2\/types\/faq"}],"author":[{"embeddable":true,"href":"https:\/\/www.confianz.eu\/pl\/wp-json\/wp\/v2\/users\/2"}],"wp:attachment":[{"href":"https:\/\/www.confianz.eu\/pl\/wp-json\/wp\/v2\/media?parent=31583"}],"wp:term":[{"taxonomy":"faq-onderwerp","embeddable":true,"href":"https:\/\/www.confianz.eu\/pl\/wp-json\/wp\/v2\/faq-onderwerp?post=31583"}],"curies":[{"name":"wp","href":"https:\/\/api.w.org\/{rel}","templated":true}]}}

Czy mogę wynająć moją nieruchomość w Hiszpanii?

<p>Tak. W przypadku nieruchomości mieszkalnych trzy rodzaje umów umożliwiają wynajem:</p>



<ul class="wp-block-list">
<li>poprzez powszechny wynajem na okres do 11 miesięcy, na przykład osobom odwiedzającym sezonowo, jeśli nie używają nieruchomości jako głównego miejsca zamieszkania;</li>



<li>za pośrednictwem wynajmu wakacyjnego, jeśli będziesz wynajmować regularnie na okresy krótsze niż 2 miesiące;</li>



<li>za pośrednictwem wynajmu mieszkaniowego, jeśli wynajmujesz na okres dłuższy niż 12 miesięcy.</li>
</ul>
